+ 5*d. Let c(y) = 1 - 2*y + 1 - f. Calculate c(k).
3
Let v = 28 + -7. Suppose -2*o + v = 17. Let g(m) = -3*m + 8*m**o + m**2 + m**3 - 1 - 8*m**2. Determine g(-2).
1
Let b(n) = 7 - 5*n**2 + 12*n - 10*n - n**3 + 5*n. Determine b(-6).
1
Let r(s) = 7*s**3 + 2*s**2 - 6*s - 8. Let o(z) = 9*z**3 + 2*z**2 - 6*z - 9. Let p(b) = -3*o(b) + 4*r(b). Give p(-3).
4
Suppose -15*n + 8*n + 7 = 0. Let w(o) = 4*o**3 + 2*o**2 - 3*o + 1. Give w(n).
4
Let c(m) = 3*m**3 + 6*m**2 - 12*m - 5. Let a(k) = 7*k**3 + 13*k**2 - 26*k - 9. Let t(h) = 2*a(h) - 5*c(h). Let v = -10 + 5. Determine t(v).
-8
Let k = 118 - 108. Suppose 6*b - 10 = -k. Let a(i) = i**2 - i - 6. Determine a(b).
-6
Let p(m) = -91*m**2 + 2*m. Let u be (6 + 2)/(-4)*9/(-18). Determine p(u).
-89
Let i(w) = w**3 + 7*w**2 - w + 3. Let s(m) = 2*m**3 + 8*m**2 + 4. Let n(f) = -3*i(f) + 2*s(f). Suppose -24 = -4*v + a - 10, 5*v = 5*a + 25. Determine n(v).
-10
Let n(p) = 20*p - 115. Let i be n(6). Let r(l) = l**3 - 4*l**2 - 7*l + 1. Determine r(i).
-9
Let j(c) = 5*c**2. Suppose -5*l + 28 = 2*l. Suppose 0 = l*w - 5*w - 1. Determine j(w).
5
Let m be 6/(-9)*1*6. Let p = 1 + m. Let w(u) = 2*u**2 - u + 1. Determine w(p).
22
Suppose 145 = -4*h + 33. Let x be (-2 + (-80)/h)*7. Let l(u) = 4*u - 1. Let v(c) = 11*c - 4. Let y(j) = -8*l(j) + 3*v(j). Calculate y(x).
2
Let m(g) = -5*g**3 + 3*g**2 - 28*g - 15. Let z(l) = l**3 - l**2 + 7*l + 4. Let o(s) = 2*m(s) + 9*z(s). Let d(a) = -a - 11. Let r be d(-7). Calculate o(r).
-6
Let b(p) = -14*p**3 - 13*p**2 - 10*p - 35. Let c(g) = 5*g**3 + 5*g**2 + 3*g + 12. Let t(l) = 6*b(l) + 17*c(l). Calculate t(-8).
2
Let r = -54 - -51. Let t(a) be the first derivative of a**4/4 + a**3/3 - 5*a**2/2 - 4*a - 6. Calculate t(r).
-7
Let z(o) = 2*o + 1. Let v(b) = 2*b + 6. Let j(x) = v(x) - 4*z(x). What is j(-2)?
14
Suppose -o + 3*o = -a - 6, 3*a + 3*o + 3 = 0. Let q(r) = -a*r + 4*r + 2*r - r**2. Let t = 28 + -23. Calculate q(t).
-15
Let i(y) = -4*y**3 + y**2 - 1. Suppose 0 = 40*h - 37*h + 3. Determine i(h).
4
Let m = -1109 - -1105. Let g(c) = -8*c - 27. Determine g(m).
5
Let r(a) = 3*a - 7. Let w(t) = 9*t - 20. Let d(k) = -17*r(k) + 6*w(k). Suppose 0 = 7*h + h + 312. Let z = 37 + h. Give d(z).
-7
Let f(a) = -2*a**3 + 4*a**2 + 30*a - 70. Let k be f(3). Let q(m) = 2*m**2 - 3*m. Determine q(k).
2
Suppose -21*i + 198 = 765. Let p(m) = m**2 + 29*m + 57. Determine p(i).
3
Let o(z) = z**2 + 11*z + 20. Suppose 53*b + 29 = 51*b - 5*k, -5*b - 3*k = 44. Determine o(b).
-8
Let p(x) = x**3 + 3*x**2 - 6*x - 2. Let v(i) = i + 7. Let z be (22/(-4))/(14/28). Let g be v(z). Calculate p(g).
6
Let w(g) = 19*g**2 - g. Let z be w(-1). Let t be -3 - 5/z*4. Let h(v) = v**2 + 6*v + 3. Calculate h(t).
-5
Let q(x) be the third derivative of -x**4/24 - x**3/3 + x**2. Let m be -2 + 39/15 + (-234)/(-10). Suppose -4*n - m = -2*k, n = -6*k + k - 6. What is q(n)?
4
Let t(c) = -1 - 4 - 7*c + 6. Let f(d) = -d**3 - 24*d**2 + 26*d + 24. Let o be f(-25). Give t(o).
8
Let p(a) = 57*a**2 + 3*a - 2. Let m be p(1). Let z = 63 - m. Let f(x) = x**2 - 6*x - 5. Determine f(z).
-10
Let x(o) = -7*o**3 - 3*o + 2. Let w(t) = t**3 - t**2 + 2*t - 1. Let f(m) = 3*w(m) + x(m). Calculate f(1).
-5
Suppose -w = 46 - 26. Let t be ((-18)/15)/((-8)/w). Let v(b) = -b**3 - 4*b**2 - 5*b - 2. Calculate v(t).
4
Let f(n) = -3*n + 1. Suppose 0 = 5*j + b - 2*b - 7, 5*j - 25 = -5*b. Suppose -v = j - 3. Suppose -4*z = v - 13. What is f(z)?
-8
Let l be (-2)/9 + (-4)/(-18). Suppose 4*v - p = l, -2*p = -5*p - 12. Let y(f) be the second derivative of f**3/6 - 81*f + 8. Determine y(v).
-1
Let t be (19 + -5)*(-1)/2. Let r(b) = -b**2 - 6*b + 2. What is r(t)?
-5
Let y be 7 - 8 - (-3)/1. Suppose y*a - 30 = 2*d, -3 = -a - d + 6*d. Suppose 2*u = -u - a. Let v(f) = f**2 + 6*f - 7. Determine v(u).
-7
Let d(p) be the third derivative of -3*p**2 + 0 - 1/24*p**4 + 0*p - 2/3*p**3. Let a = -79 - -73. Determine d(a).
2
Suppose 0 = 5*y + 7*j - 10*j - 21, -4*y + 6 = 3*j. Let v(z) = 103*z**3 + 4 - 53*z**3 - 4*z**2 - 49*z**3 - y*z. Determine v(4).
-8
Let l(s) = -s + 4. Let t(u) = 2*u + 3. Let b(a) = l(a) - 2*t(a). Determine b(-3).
13
Let b be (6/4)/((-5)/(-50)). Suppose -b + 5 = 2*v. Let i(f) = 5*f + 6. Let c(z) = -z**2 - 1. Let h(p) = -c(p) + i(p). Calculate h(v).
7
Let q(k) be the third derivative of -k**7/840 + k**6/60 - k**5/20 + 6*k**3 - 12*k**2. Let r(y) be the first derivative of q(y). Give r(4).
8
Let f(m) be the second derivative of -5/12*m**4 - 1/2*m**3 - 2*m**2 - 1/20*m**5 + 0 + 11*m. Suppose -3*d + 6*d - 4*c = -12, 2*c = -4*d - 16. Determine f(d).
-8
Let m = -6 + 12. Suppose 6*j - 3*j - m = 0. Let f(t) = 3 - 6 + t + j. Calculate f(-4).
-5
Let j(c) = -c**2 + 8*c - 7. Let b(w) = w - 11. Let h(p) = p - 12. Let o(n) = -6*b(n) + 4*h(n). Let s be o(6). What is j(s)?
5
Let r(s) = -5*s - 23. Let a be r(-10). Suppose 2*z + 3*z - 35 = 5*k, 5*k = 3*z - a. Let i(q) = 3*q + 3. Determine i(z).
15
Let i(n) = -2*n**2 + 5 - 4*n**2 + 0*n**3 - n**3 + 2*n**3. Let w(b) = -4*b**3 + 18*b**2 + b - 14. Let k(q) = 7*i(q) + 2*w(q). Determine k(-6).
-5
Let n(u) = 0*u + 5*u**2 + 6 + 2*u - 6*u**2. Let h be (15/(-7))/(240/(-560)). What is n(h)?
-9
Let d(h) = -8*h**3 + h**2 + 4*h + 2. Let k be d(-1). Let c(x) be the first derivative of x**2/2 - 3*x + 2. Determine c(k).
4
Suppose -2*m - 5*k + 33 = 0, -3*m + m - k + 13 = 0. Suppose 2*b - 4*s = -8, -5*b = -m*s - 0*s + 2. Let o(n) = 0*n**2 + n**b + 2*n**2 - 3*n + 4*n. What is o(1)?
4
Suppose 0 = -3*a + 165 - 150. Let o(s) be the second derivative of 0 - 5*s - 1/4*s**4 + 5/6*s**3 - 1/20*s**a + 3/2*s**2. Give o(-4).
-1
Let u(n) = -2*n**3 + 6*n**3 + 316*n - 321*n + 8*n**2 - 2 - 5*n**3. Give u(6).
40
Let u(f) = -9*f**3 + 8*f**2 - 29*f - 1. Let h(x) = -5*x**3 + 4*x**2 - 15*x. Let l(n) = 11*h(n) - 6*u(n). Determine l(-6).
24
Let p be (-2)/(-9) - 7/((-756)/30). Let h(x) be the first derivative of p*x**2 + 7/3*x**3 + 0*x + 4. What is h(1)?
8
Let p = 2 - 0. Let a(b) = 6 - 4*b**p - 3*b - b**3 - 4 - 4. Suppose -9 = 23*n - 20*n. Determine a(n).
-2
Let r(h) = -h + 2 + 4 - 1 - 2. Suppose y - 3 = -1. Suppose 10 = 3*d - 2*v, d + y*v = -v - 15. What is r(d)?
3
Let f(l) = l**3 + 33*l**2 + 92*l + 54. Let a be f(-30). Let g(q) = -6*q - 40. Determine g(a).
-4
Let x(z) = 2*z - 19. Let d be x(11). Let f(r) = r**d - 7 + 20*r - 20*r. Determine f(0).
-7
Suppose 0*u + 12 = 4*u. Suppose 30*q - 54 = 12*q. Suppose q*x - 6 = s, 2*x + 5*s = 6*x + u. Let a(d) = -d**3 + d**2 + 4*d + 1. What is a(x)?
-5
Let g(c) = -c**2 + c + 2. Let j be g(0). Let b be 3/(-6)*-5*j. Let i be (b/3 - 1)*9. Let t(r) = -r**3 + 6*r**2 - 1. Determine t(i).
-1
Let p(m) be the third derivative of -m**5/15 + m**4/6 - m**3/2 + 8*m**2. Let t(a) = a**3 - a**2. Let q be t(1). Suppose q = -3*x - 2*x + 10. Calculate p(x).
-11
Let x(k) = -6*k - 6. Let n(g) = -13*g - 10. Let z(j) = -2*n(j) + 5*x(j). What is z(-3)?
2
Let o(p) be the third derivative of p**6/120 - 7*p**5/60 + p**4/3 + p**3/6 - p**2. Let x = -3419 + 3425. Determine o(x).
13
Let y(t) = 7*t - 43. Suppose -17*c = -100 - 2. What is y(c)?
-1
Suppose 2*h + 2 = 0, 5 = 3*u + 4*h + 6. Let w(k) = 10*k**2 + 11. Let q(l) = -5*l**2 - 5. Let n(p) = 13*q(p) + 6*w(p). Give n(u).
-4
Let t(z) = -31*z**2 + 4*z + 3 - 30*z**2 + 93*z**2 - 28*z**2. What is t(-2)?
11
Let m(c) be the first derivative of c**4/4 - c**3 - 2*c**2 - 317. Suppose -v + 2 = -2. What is m(v)?
0
Suppose f + 4 = 3*f + b, -f = -4*b + 16. Suppose 4*u + w - 5*w = f, 10 = -u + 3*w. Suppose k = 6*k + u. Let g(x) = -4*x**3 + x**2 + x + 1. Calculate g(k).
5
Let y(g) = -5*g - 5. Suppose -5*u + 3*t - 40 = -4, -2*u + 3*t = 18. Let b(j) = 4*j + 5. Let r(d) = u*b(d) - 5*y(d). Give r(7).
2
Let x(y) = -y**2 + 5*y + 6. Let b = 4 + -12. Let h = b - -23. Let f = h - 9. Determine x(f).
0
Let u(a) be the first derivative of -6 + 0*a**2 - 2/3*a**3 - 13/24*a**4 + 1/360*a**6 + 0*a + 0*a**5. Let z(v) be the third derivative of u(v). What is z(0)?
-13
Let q(n) = -13*n**3 - 2*n**2 - 8*n + 9. Let r(a) = 49*a**3 + 9*a**2 + 30*a - 36. Let t(i) = -15*q(i) - 4*r(i). Determine t(-6).
9
Let g(i) = i**3 - 5*i**2 + i - 2. Let m be g(5). Let a(b) = 4*b**2 + 4*b - b**3 - b + 0*b**2 - 3 + 0*b**3. Give a(m).
15
Let x(w) = -5*w + 137 - 150 + 4*w. What is x(-6)?
-7
Let d be 6/((-7)/((-112)/12)). Suppose 5*h + 9 = 4*h. Let l = d + h. Let v(k) = 4*k**2 - 2*k 